{"id":7,"date":"2025-02-15T15:05:21","date_gmt":"2025-02-15T15:05:21","guid":{"rendered":"https:\/\/www.mainostoimistoturku.com\/?page_id=7"},"modified":"2025-02-15T19:27:21","modified_gmt":"2025-02-15T19:27:21","slug":"etusivu","status":"publish","type":"page","link":"https:\/\/www.mainostoimistoturku.com\/","title":{"rendered":"Etusivu"},"content":{"rendered":"<p>[et_pb_section fb_built=&#8221;1&#8243; admin_label=&#8221;Header&#8221; _builder_version=&#8221;4.27.4&#8243; _module_preset=&#8221;default&#8221; use_background_color_gradient=&#8221;on&#8221; background_color_gradient_stops=&#8221;rgba(244,235,232,0.29) 0%|rgba(153, 117, 127, 0.38) 30%|rgba(75,16,38,0.46) 89%&#8221; background_color_gradient_overlays_image=&#8221;on&#8221; background_image=&#8221;https:\/\/www.mainostoimistoturku.com\/wp-content\/uploads\/2025\/02\/jamo-images-OjRlFFuynik-unsplash-1.jpg&#8221; parallax=&#8221;on&#8221; custom_padding=&#8221;8vw||20vw||false|false&#8221; border_radii=&#8221;off|||3vw|3vw&#8221; locked=&#8221;off&#8221; collapsed=&#8221;on&#8221; global_colors_info=&#8221;{%22gcid-f1e65d51-fa2f-4bf0-b2c1-8eab7001e8fd%22:%91%22background_color_gradient_stops%22%93,%22gcid-a93f2103-1d8b-43bb-b21d-81d84bba8b15%22:%91%22background_color_gradient_stops%22%93}&#8221;][et_pb_row _builder_version=&#8221;4.24.0&#8243; _module_preset=&#8221;default&#8221; max_width=&#8221;1800px&#8221; global_colors_info=&#8221;{}&#8221;][et_pb_column type=&#8221;4_4&#8243; _builder_version=&#8221;4.22.0&#8243; _module_preset=&#8221;default&#8221; global_colors_info=&#8221;{}&#8221;][et_pb_text _builder_version=&#8221;4.27.4&#8243; _module_preset=&#8221;92dfdccd-2a69-43bb-b657-ea59430b4c73&#8243; header_text_color=&#8221;gcid-a93f2103-1d8b-43bb-b21d-81d84bba8b15&#8243; header_font_size_tablet=&#8221;6vh&#8221; header_font_size_phone=&#8221;6vh&#8221; header_font_size_last_edited=&#8221;on|phone&#8221; global_colors_info=&#8221;{%22gcid-a93f2103-1d8b-43bb-b21d-81d84bba8b15%22:%91%22header_text_color%22%93}&#8221;]<\/p>\n<h1>Laadukkaat verkkosivut yritykselle<\/h1>\n<p>[\/et_pb_text][et_pb_button button_url=&#8221;#luelisaa&#8221; button_text=&#8221;Lue lis\u00e4\u00e4&#8221; _builder_version=&#8221;4.27.4&#8243; _module_preset=&#8221;15403189-34e4-4421-bc73-82d9501f261a&#8221; global_colors_info=&#8221;{}&#8221;][\/et_pb_button][\/et_pb_column][\/et_pb_row][\/et_pb_section][et_pb_section fb_built=&#8221;1&#8243; admin_label=&#8221;Feature&#8221; _builder_version=&#8221;4.27.4&#8243; _module_preset=&#8221;default&#8221; hover_enabled=&#8221;0&#8243; collapsed=&#8221;on&#8221; global_colors_info=&#8221;{}&#8221; sticky_enabled=&#8221;0&#8243;][et_pb_row column_structure=&#8221;1_2,1_2&#8243; make_equal=&#8221;on&#8221; _builder_version=&#8221;4.24.0&#8243; _module_preset=&#8221;default&#8221; max_width=&#8221;1800px&#8221; global_colors_info=&#8221;{}&#8221;][et_pb_column type=&#8221;1_2&#8243; _builder_version=&#8221;4.22.0&#8243; _module_preset=&#8221;default&#8221; global_colors_info=&#8221;{}&#8221;][et_pb_image src=&#8221;https:\/\/www.mainostoimistoturku.com\/wp-content\/uploads\/2025\/02\/miikka-a-3MnENOahvpA-unsplash-1.jpg&#8221; alt=&#8221;Kotisivut yritykselle&#8221; title_text=&#8221;Kotisivut yritykselle&#8221; force_fullwidth=&#8221;on&#8221; _builder_version=&#8221;4.27.4&#8243; _module_preset=&#8221;default&#8221; scroll_horizontal_motion_enable=&#8221;on&#8221; scroll_horizontal_motion=&#8221;0|70|70|100|0.3|0|0&#8243; motion_trigger_start=&#8221;top&#8221; border_radii=&#8221;on|30px|30px|30px|30px&#8221; locked=&#8221;off&#8221; global_colors_info=&#8221;{}&#8221;][\/et_pb_image][\/et_pb_column][et_pb_column type=&#8221;1_2&#8243; _builder_version=&#8221;4.24.0&#8243; _module_preset=&#8221;default&#8221; background_color=&#8221;gcid-a93f2103-1d8b-43bb-b21d-81d84bba8b15&#8243; custom_padding=&#8221;60px|60px|60px|60px|true|true&#8221; custom_padding_tablet=&#8221;30px|30px|30px|30px|true|true&#8221; custom_padding_phone=&#8221;20px|20px|20px|20px|true|true&#8221; custom_padding_last_edited=&#8221;on|tablet&#8221; border_radii=&#8221;on|3vw|3vw|3vw|3vw&#8221; global_colors_info=&#8221;{%22gcid-a93f2103-1d8b-43bb-b21d-81d84bba8b15%22:%91%22background_color%22%93}&#8221;][et_pb_text _builder_version=&#8221;4.27.4&#8243; _module_preset=&#8221;5131034a-749a-4c6f-a414-d06a87dd73a5&#8243; header_2_font=&#8221;&#8211;et_global_heading_font|700|||||||&#8221; header_2_text_color=&#8221;#4B1026&#8243; header_2_font_size=&#8221;6vh&#8221; custom_margin=&#8221;||10px||false|false&#8221; hover_enabled=&#8221;0&#8243; header_2_font_size_tablet=&#8221;4vh&#8221; header_2_font_size_phone=&#8221;4vh&#8221; locked=&#8221;off&#8221; global_colors_info=&#8221;{}&#8221; module_id=&#8221;luelisaa&#8221; sticky_enabled=&#8221;0&#8243;]<\/p>\n<h2>Verkkosivujen tekij\u00e4 \u2013 Turku<\/h2>\n<p>[\/et_pb_text][et_pb_text _builder_version=&#8221;4.27.4&#8243; _module_preset=&#8221;23600682-03b3-46ef-8dfd-6c15283099f1&#8243; text_text_color=&#8221;#000000&#8243; max_width=&#8221;500px&#8221; locked=&#8221;off&#8221; global_colors_info=&#8221;{}&#8221;]<\/p>\n<p>Etsitk\u00f6 selkeit\u00e4 ja toimivia kotisivuja Turun seudulla? Me toteutamme laadukkaat verkkosivut nopeasti ja ilman turhaa s\u00e4\u00e4t\u00f6\u00e4. Saat meilt\u00e4 toimivat ja tyylikk\u00e4\u00e4t nettisivut, jotka tukevat liiketoimintaasi \u2013 ilman piilokuluja tai monimutkaisia prosesseja.<\/p>\n<p>[\/et_pb_text][et_pb_button button_url=&#8221;#otayhteytta&#8221; button_text=&#8221;Ota yhteytt\u00e4&#8221; _builder_version=&#8221;4.27.4&#8243; _module_preset=&#8221;ee45750a-defd-4c68-a79a-3937004c4a54&#8243; locked=&#8221;off&#8221; global_colors_info=&#8221;{}&#8221;][\/et_pb_button][\/et_pb_column][\/et_pb_row][\/et_pb_section][et_pb_section fb_built=&#8221;1&#8243; admin_label=&#8221;Services&#8221; module_id=&#8221;palvelut&#8221; _builder_version=&#8221;4.27.4&#8243; _module_preset=&#8221;default&#8221; collapsed=&#8221;on&#8221; global_colors_info=&#8221;{}&#8221;][et_pb_row _builder_version=&#8221;4.24.0&#8243; _module_preset=&#8221;default&#8221; max_width=&#8221;1800px&#8221; locked=&#8221;off&#8221; global_colors_info=&#8221;{}&#8221;][et_pb_column type=&#8221;4_4&#8243; _builder_version=&#8221;4.22.0&#8243; _module_preset=&#8221;default&#8221; global_colors_info=&#8221;{}&#8221;][et_pb_text _builder_version=&#8221;4.27.4&#8243; _module_preset=&#8221;5131034a-749a-4c6f-a414-d06a87dd73a5&#8243; header_2_font=&#8221;&#8211;et_global_heading_font|700|||||||&#8221; header_2_text_color=&#8221;#4B1026&#8243; header_2_font_size=&#8221;6vh&#8221; custom_margin=&#8221;||10px||false|false&#8221; header_2_font_size_tablet=&#8221;4vh&#8221; header_2_font_size_phone=&#8221;4vh&#8221; global_colors_info=&#8221;{}&#8221;]<\/p>\n<h2>Verkkosivupaketit<\/h2>\n<p>[\/et_pb_text][\/et_pb_column][\/et_pb_row][et_pb_row column_structure=&#8221;1_3,1_3,1_3&#8243; make_equal=&#8221;on&#8221; _builder_version=&#8221;4.27.4&#8243; _module_preset=&#8221;default&#8221; max_width=&#8221;1800px&#8221; locked=&#8221;off&#8221; global_colors_info=&#8221;{}&#8221;][et_pb_column type=&#8221;1_3&#8243; _builder_version=&#8221;4.27.4&#8243; _module_preset=&#8221;default&#8221; background_color=&#8221;gcid-a93f2103-1d8b-43bb-b21d-81d84bba8b15&#8243; custom_padding=&#8221;40px|20px|40px|20px|true|true&#8221; border_radii=&#8221;on|30px|30px|30px|30px&#8221; global_colors_info=&#8221;{%22gcid-a93f2103-1d8b-43bb-b21d-81d84bba8b15%22:%91%22background_color_1%22,%22background_color%22%93}&#8221;][et_pb_text _builder_version=&#8221;4.27.4&#8243; _module_preset=&#8221;354fc549-b82a-41fa-8987-c56e4ddfe0b2&#8243; ul_font=&#8221;&#8211;et_global_body_font||||||||&#8221; global_colors_info=&#8221;{}&#8221;]<\/p>\n<h3>Miksi valita meid\u00e4t?<\/h3>\n<ul>\n<li style=\"font-weight: 400;\" aria-level=\"1\"><b>Selke\u00e4t ja edulliset paketit:<\/b><span style=\"font-weight: 400;\"> Valitse tarpeisiisi sopiva verkkosivupaketti tai pyyd\u00e4 r\u00e4\u00e4t\u00e4l\u00f6ity tarjous<\/span><\/li>\n<li style=\"font-weight: 400;\" aria-level=\"1\"><b>Nopea toimitus:<\/b><span style=\"font-weight: 400;\"> Valmiit verkkosivut 3 viikossa<\/span><\/li>\n<li style=\"font-weight: 400;\" aria-level=\"1\"><b>Yksinkertainen prosessi:<\/b><span style=\"font-weight: 400;\"> Selke\u00e4 suunnitelma, optimoitu sis\u00e4lt\u00f6, laadukas toteutus<\/span><\/li>\n<\/ul>\n<p>[\/et_pb_text][\/et_pb_column][et_pb_column type=&#8221;1_3&#8243; _builder_version=&#8221;4.27.4&#8243; _module_preset=&#8221;default&#8221; use_background_color_gradient=&#8221;on&#8221; background_color_gradient_stops=&#8221;rgba(75,16,38,0.74) 0%|rgba(244,235,232,0) 100%&#8221; background_color_gradient_overlays_image=&#8221;on&#8221; background_image=&#8221;https:\/\/www.mainostoimistoturku.com\/wp-content\/uploads\/2025\/02\/andras-vas-Bd7gNnWJBkU-unsplash-1.jpg&#8221; custom_padding=&#8221;30px|30px|30px|30px|true|true&#8221; border_radii=&#8221;on|30px|30px|30px|30px&#8221; border_width_all=&#8221;2px&#8221; border_color_all=&#8221;#4B1026&#8243; global_colors_info=&#8221;{}&#8221;][et_pb_text _builder_version=&#8221;4.27.4&#8243; _module_preset=&#8221;6b9b4f69-8d41-4e08-8110-8c3db4d5c92e&#8221; global_colors_info=&#8221;{}&#8221;]<\/p>\n<h5>Kompakti, 500\u20ac + alv<\/h5>\n<p>[\/et_pb_text][et_pb_text _builder_version=&#8221;4.27.4&#8243; _module_preset=&#8221;a1f35547-7bff-44ff-a5d1-a9bf03d48eed&#8221; global_colors_info=&#8221;{}&#8221;]<\/p>\n<ul>\n<li style=\"font-weight: 400;\" aria-level=\"1\"><span style=\"font-weight: 400;\">1-4 sivua\u00a0\u00a0<\/span><\/li>\n<li style=\"font-weight: 400;\" aria-level=\"1\"><span style=\"font-weight: 400;\">Asiakkaan toimittamat valmiit sis\u00e4ll\u00f6t\u00a0\u00a0<\/span><\/li>\n<li style=\"font-weight: 400;\" aria-level=\"1\"><span style=\"font-weight: 400;\">Moderni ja responsiivinen toteutus\u00a0\u00a0<\/span><\/li>\n<li style=\"font-weight: 400;\" aria-level=\"1\"><span style=\"font-weight: 400;\">Valmis 2 viikossa\u00a0 <\/span><\/li>\n<\/ul>\n<p>[\/et_pb_text][\/et_pb_column][et_pb_column type=&#8221;1_3&#8243; _builder_version=&#8221;4.27.4&#8243; _module_preset=&#8221;default&#8221; use_background_color_gradient=&#8221;on&#8221; background_color_gradient_stops=&#8221;rgba(75,16,38,0.94) 2%|rgba(244,235,232,0) 100%&#8221; background_color_gradient_overlays_image=&#8221;on&#8221; background_image=&#8221;https:\/\/www.mainostoimistoturku.com\/wp-content\/uploads\/2025\/02\/austin-poon-JO_S6ewBqAk-unsplash-1.jpg&#8221; custom_padding=&#8221;30px|30px|30px|30px|true|true&#8221; border_radii=&#8221;on|30px|30px|30px|30px&#8221; border_width_all=&#8221;2px&#8221; border_color_all=&#8221;#4B1026&#8243; global_colors_info=&#8221;{}&#8221;][et_pb_text _builder_version=&#8221;4.27.4&#8243; _module_preset=&#8221;6b9b4f69-8d41-4e08-8110-8c3db4d5c92e&#8221; locked=&#8221;off&#8221; global_colors_info=&#8221;{}&#8221;]<\/p>\n<h5>Kasvu, 1000\u20ac + alv<\/h5>\n<p>[\/et_pb_text][et_pb_text _builder_version=&#8221;4.27.4&#8243; _module_preset=&#8221;a1f35547-7bff-44ff-a5d1-a9bf03d48eed&#8221; locked=&#8221;off&#8221; global_colors_info=&#8221;{}&#8221;]<\/p>\n<ul>\n<li style=\"font-weight: 400;\" aria-level=\"1\"><span style=\"font-weight: 400;\">1-8 sivua\u00a0\u00a0<\/span><\/li>\n<li style=\"font-weight: 400;\" aria-level=\"1\"><span style=\"font-weight: 400;\">Autamme sis\u00e4ll\u00f6ntuotannossa\u00a0\u00a0<\/span><\/li>\n<li style=\"font-weight: 400;\" aria-level=\"1\">Sis\u00e4lt\u00e4\u00e4 hakukoneoptimoinniin<\/li>\n<li style=\"font-weight: 400;\" aria-level=\"1\"><span style=\"font-weight: 400;\">Valmis 3-4 viikossa\u00a0 <\/span><\/li>\n<\/ul>\n<p>[\/et_pb_text][\/et_pb_column][\/et_pb_row][\/et_pb_section][et_pb_section fb_built=&#8221;1&#8243; specialty=&#8221;on&#8221; admin_label=&#8221;Footer&#8221; module_id=&#8221;otayhteytta&#8221; _builder_version=&#8221;4.27.4&#8243; _module_preset=&#8221;default&#8221; background_color=&#8221;gcid-a93f2103-1d8b-43bb-b21d-81d84bba8b15&#8243; inner_max_width=&#8221;1800px&#8221; overflow-x=&#8221;hidden&#8221; overflow-y=&#8221;hidden&#8221; custom_padding=&#8221;||0px|||&#8221; saved_tabs=&#8221;all&#8221; global_colors_info=&#8221;{%22gcid-a93f2103-1d8b-43bb-b21d-81d84bba8b15%22:%91%22background_color%22%93}&#8221;][et_pb_column type=&#8221;3_4&#8243; specialty_columns=&#8221;3&#8243; _builder_version=&#8221;4.16&#8243; _module_preset=&#8221;default&#8221; custom_padding=&#8221;|||&#8221; global_colors_info=&#8221;{}&#8221; custom_padding__hover=&#8221;|||&#8221;][et_pb_row_inner _builder_version=&#8221;4.24.0&#8243; _module_preset=&#8221;default&#8221; custom_padding=&#8221;||20px||false|false&#8221; locked=&#8221;off&#8221; global_colors_info=&#8221;{}&#8221;][et_pb_column_inner saved_specialty_column_type=&#8221;3_4&#8243; _builder_version=&#8221;4.22.0&#8243; _module_preset=&#8221;default&#8221; global_colors_info=&#8221;{}&#8221;][et_pb_text _builder_version=&#8221;4.27.4&#8243; _module_preset=&#8221;5131034a-749a-4c6f-a414-d06a87dd73a5&#8243; header_2_font=&#8221;&#8211;et_global_heading_font|700|||||||&#8221; header_2_text_color=&#8221;#4B1026&#8243; header_2_font_size=&#8221;6vh&#8221; custom_margin=&#8221;||10px||false|false&#8221; header_2_font_size_tablet=&#8221;4vh&#8221; header_2_font_size_phone=&#8221;4vh&#8221; global_colors_info=&#8221;{}&#8221;]<\/p>\n<h2>Markkinointitoimisto Turku<\/h2>\n<p>[\/et_pb_text][\/et_pb_column_inner][\/et_pb_row_inner][et_pb_row_inner column_structure=&#8221;1_2,1_2&#8243; _builder_version=&#8221;4.22.0&#8243; _module_preset=&#8221;default&#8221; custom_padding=&#8221;0px|||||&#8221; locked=&#8221;off&#8221; global_colors_info=&#8221;{}&#8221;][et_pb_column_inner type=&#8221;1_2&#8243; saved_specialty_column_type=&#8221;3_4&#8243; _builder_version=&#8221;4.22.0&#8243; _module_preset=&#8221;default&#8221; global_colors_info=&#8221;{}&#8221;][et_pb_blurb title=&#8221;Improvisoiden Oy&#8221; _builder_version=&#8221;4.27.4&#8243; _module_preset=&#8221;35807db6-04dd-451d-8d9e-e84a2d7a2086&#8243; locked=&#8221;off&#8221; global_colors_info=&#8221;{%22gcid-a93f2103-1d8b-43bb-b21d-81d84bba8b15%22:%91%22image_icon_background_color%22,%22image_icon_background_color%22%93}&#8221;]<\/p>\n<p>Y-tunnus 3105236-4<\/p>\n<p>[\/et_pb_blurb][et_pb_blurb title=&#8221;Asiakaspalvelu&#8221; _builder_version=&#8221;4.27.4&#8243; _module_preset=&#8221;35807db6-04dd-451d-8d9e-e84a2d7a2086&#8243; body_link_font=&#8221;&#8211;et_global_body_font||||on|||gcid-f1e65d51-fa2f-4bf0-b2c1-8eab7001e8fd|&#8221; body_link_text_color=&#8221;#4B1026&#8243; locked=&#8221;off&#8221; global_colors_info=&#8221;{%22gcid-a93f2103-1d8b-43bb-b21d-81d84bba8b15%22:%91%22image_icon_background_color%22,%22image_icon_background_color%22,%22image_icon_background_color%22,%22image_icon_background_color%22,%22image_icon_background_color%22%93}&#8221;]<\/p>\n<p><a href=\"mailto:info@mainostoimistoturku.com\">info@mainostoimistoturku.com<\/a><\/p>\n<p>[\/et_pb_blurb][\/et_pb_column_inner][et_pb_column_inner type=&#8221;1_2&#8243; saved_specialty_column_type=&#8221;3_4&#8243; _builder_version=&#8221;4.22.0&#8243; _module_preset=&#8221;default&#8221; global_colors_info=&#8221;{}&#8221;][et_pb_blurb title=&#8221;Juho Lehtola&#8221; _builder_version=&#8221;4.27.4&#8243; _module_preset=&#8221;35807db6-04dd-451d-8d9e-e84a2d7a2086&#8243; locked=&#8221;off&#8221; global_colors_info=&#8221;{%22gcid-779a3d53-700b-4950-9fae-611323b51b16%22:%91%22body_link_text_color%22%93,%22gcid-a93f2103-1d8b-43bb-b21d-81d84bba8b15%22:%91%22image_icon_background_color%22%93}&#8221;]<\/p>\n<p><em>myynti, konsultointi<\/em><br \/>+358 40 252 0945<br \/>juho@improvisoiden.fi<\/p>\n<p>[\/et_pb_blurb][et_pb_blurb title=&#8221;Leo Lehtola&#8221; _builder_version=&#8221;4.27.4&#8243; _module_preset=&#8221;35807db6-04dd-451d-8d9e-e84a2d7a2086&#8243; locked=&#8221;off&#8221; global_colors_info=&#8221;{%22gcid-779a3d53-700b-4950-9fae-611323b51b16%22:%91%22body_link_text_color%22,%22body_link_text_color%22%93,%22gcid-a93f2103-1d8b-43bb-b21d-81d84bba8b15%22:%91%22image_icon_background_color%22,%22image_icon_background_color%22%93}&#8221;]<\/p>\n<p><em>tuotanto<\/em><\/p>\n<p>[\/et_pb_blurb][\/et_pb_column_inner][\/et_pb_row_inner][\/et_pb_column][et_pb_column type=&#8221;1_4&#8243; _builder_version=&#8221;4.16&#8243; _module_preset=&#8221;default&#8221; custom_padding=&#8221;|||&#8221; global_colors_info=&#8221;{}&#8221; custom_padding__hover=&#8221;|||&#8221;][et_pb_image src=&#8221;https:\/\/www.mainostoimistoturku.com\/wp-content\/uploads\/2025\/02\/joseph-frank-XGC_1eH_ZGI-unsplash-1-1.jpg&#8221; alt=&#8221;Edulliset kotisivut Turku&#8221; title_text=&#8221;Edulliset kotisivut Turku&#8221; _builder_version=&#8221;4.27.4&#8243; _module_preset=&#8221;default&#8221; custom_margin_tablet=&#8221;||49px||false|false&#8221; custom_margin_phone=&#8221;||49px||false|false&#8221; custom_margin_last_edited=&#8221;on|phone&#8221; border_radii=&#8221;on|30px|30px|30px|30px&#8221; locked=&#8221;off&#8221; global_colors_info=&#8221;{}&#8221;][\/et_pb_image][\/et_pb_column][\/et_pb_section]<\/p>\n","protected":false},"excerpt":{"rendered":"<p>Laadukkaat verkkosivut yritykselleVerkkosivujen tekij\u00e4 \u2013 TurkuEtsitk\u00f6 selkeit\u00e4 ja toimivia kotisivuja Turun seudulla? Me toteutamme laadukkaat verkkosivut nopeasti ja ilman turhaa s\u00e4\u00e4t\u00f6\u00e4. Saat meilt\u00e4 toimivat ja tyylikk\u00e4\u00e4t nettisivut, jotka tukevat liiketoimintaasi \u2013 ilman piilokuluja tai monimutkaisia prosesseja.VerkkosivupaketitMiksi valita meid\u00e4t? Selke\u00e4t ja edulliset paketit: Valitse tarpeisiisi sopiva verkkosivupaketti tai pyyd\u00e4 r\u00e4\u00e4t\u00e4l\u00f6ity tarjous Nopea toimitus: Valmiit verkkosivut 3 [&hellip;]<\/p>\n","protected":false},"author":1,"featured_media":26,"parent":0,"menu_order":0,"comment_status":"closed","ping_status":"closed","template":"","meta":{"_et_pb_use_builder":"on","_et_pb_old_content":"","_et_gb_content_width":"","footnotes":""},"class_list":["post-7","page","type-page","status-publish","has-post-thumbnail","hentry"],"yoast_head":"<!-- This site is optimized with the Yoast SEO plugin v24.4 - https:\/\/yoast.com\/wordpress\/plugins\/seo\/ -->\n<title>Mainostoimisto Turku \u2013 Pienen yrityksen edulliset kotisivut<\/title>\n<meta name=\"description\" content=\"Mainostoimisto Turku \u2013 Nettisivujen tekij\u00e4 Turun seudulla. Kotisivut kolmessa viikossa. Verkkosivut, nettisivut yritykselle.\" \/>\n<meta name=\"robots\" content=\"index, follow, max-snippet:-1, max-image-preview:large, max-video-preview:-1\" \/>\n<link rel=\"canonical\" href=\"https:\/\/www.mainostoimistoturku.com\/\" \/>\n<meta property=\"og:locale\" content=\"fi_FI\" \/>\n<meta property=\"og:type\" content=\"article\" \/>\n<meta property=\"og:title\" content=\"Mainostoimisto Turku \u2013 Pienen yrityksen edulliset kotisivut\" \/>\n<meta property=\"og:description\" content=\"Mainostoimisto Turku \u2013 Nettisivujen tekij\u00e4 Turun seudulla. Kotisivut kolmessa viikossa. Verkkosivut, nettisivut yritykselle.\" \/>\n<meta property=\"og:url\" content=\"https:\/\/www.mainostoimistoturku.com\/\" \/>\n<meta property=\"og:site_name\" content=\"Mainostoimisto Turku\" \/>\n<meta property=\"article:modified_time\" content=\"2025-02-15T19:27:21+00:00\" \/>\n<meta property=\"og:image\" content=\"https:\/\/www.mainostoimistoturku.com\/wp-content\/uploads\/2025\/02\/andras-vas-Bd7gNnWJBkU-unsplash-1.jpg\" \/>\n\t<meta property=\"og:image:width\" content=\"1600\" \/>\n\t<meta property=\"og:image:height\" content=\"2000\" \/>\n\t<meta property=\"og:image:type\" content=\"image\/jpeg\" \/>\n<meta name=\"twitter:card\" content=\"summary_large_image\" \/>\n<meta name=\"twitter:label1\" content=\"Arvioitu lukuaika\" \/>\n\t<meta name=\"twitter:data1\" content=\"2 minuuttia\" \/>\n<script type=\"application\/ld+json\" class=\"yoast-schema-graph\">{\"@context\":\"https:\/\/schema.org\",\"@graph\":[{\"@type\":\"WebPage\",\"@id\":\"https:\/\/www.mainostoimistoturku.com\/\",\"url\":\"https:\/\/www.mainostoimistoturku.com\/\",\"name\":\"Mainostoimisto Turku \u2013 Pienen yrityksen edulliset kotisivut\",\"isPartOf\":{\"@id\":\"https:\/\/www.mainostoimistoturku.com\/#website\"},\"primaryImageOfPage\":{\"@id\":\"https:\/\/www.mainostoimistoturku.com\/#primaryimage\"},\"image\":{\"@id\":\"https:\/\/www.mainostoimistoturku.com\/#primaryimage\"},\"thumbnailUrl\":\"https:\/\/www.mainostoimistoturku.com\/wp-content\/uploads\/2025\/02\/andras-vas-Bd7gNnWJBkU-unsplash-1.jpg\",\"datePublished\":\"2025-02-15T15:05:21+00:00\",\"dateModified\":\"2025-02-15T19:27:21+00:00\",\"description\":\"Mainostoimisto Turku \u2013 Nettisivujen tekij\u00e4 Turun seudulla. Kotisivut kolmessa viikossa. Verkkosivut, nettisivut yritykselle.\",\"breadcrumb\":{\"@id\":\"https:\/\/www.mainostoimistoturku.com\/#breadcrumb\"},\"inLanguage\":\"fi\",\"potentialAction\":[{\"@type\":\"ReadAction\",\"target\":[\"https:\/\/www.mainostoimistoturku.com\/\"]}]},{\"@type\":\"ImageObject\",\"inLanguage\":\"fi\",\"@id\":\"https:\/\/www.mainostoimistoturku.com\/#primaryimage\",\"url\":\"https:\/\/www.mainostoimistoturku.com\/wp-content\/uploads\/2025\/02\/andras-vas-Bd7gNnWJBkU-unsplash-1.jpg\",\"contentUrl\":\"https:\/\/www.mainostoimistoturku.com\/wp-content\/uploads\/2025\/02\/andras-vas-Bd7gNnWJBkU-unsplash-1.jpg\",\"width\":1600,\"height\":2000,\"caption\":\"Verkkosivujen tekij\u00e4\"},{\"@type\":\"BreadcrumbList\",\"@id\":\"https:\/\/www.mainostoimistoturku.com\/#breadcrumb\",\"itemListElement\":[{\"@type\":\"ListItem\",\"position\":1,\"name\":\"Etusivu\",\"item\":\"https:\/\/www.mainostoimistoturku.com\/\"},{\"@type\":\"ListItem\",\"position\":2,\"name\":\"Etusivu\"}]},{\"@type\":\"WebSite\",\"@id\":\"https:\/\/www.mainostoimistoturku.com\/#website\",\"url\":\"https:\/\/www.mainostoimistoturku.com\/\",\"name\":\"Mainostoimisto Turku\",\"description\":\"\",\"potentialAction\":[{\"@type\":\"SearchAction\",\"target\":{\"@type\":\"EntryPoint\",\"urlTemplate\":\"https:\/\/www.mainostoimistoturku.com\/?s={search_term_string}\"},\"query-input\":{\"@type\":\"PropertyValueSpecification\",\"valueRequired\":true,\"valueName\":\"search_term_string\"}}],\"inLanguage\":\"fi\"}]}<\/script>\n<!-- \/ Yoast SEO plugin. -->","yoast_head_json":{"title":"Mainostoimisto Turku \u2013 Pienen yrityksen edulliset kotisivut","description":"Mainostoimisto Turku \u2013 Nettisivujen tekij\u00e4 Turun seudulla. Kotisivut kolmessa viikossa. Verkkosivut, nettisivut yritykselle.","robots":{"index":"index","follow":"follow","max-snippet":"max-snippet:-1","max-image-preview":"max-image-preview:large","max-video-preview":"max-video-preview:-1"},"canonical":"https:\/\/www.mainostoimistoturku.com\/","og_locale":"fi_FI","og_type":"article","og_title":"Mainostoimisto Turku \u2013 Pienen yrityksen edulliset kotisivut","og_description":"Mainostoimisto Turku \u2013 Nettisivujen tekij\u00e4 Turun seudulla. Kotisivut kolmessa viikossa. Verkkosivut, nettisivut yritykselle.","og_url":"https:\/\/www.mainostoimistoturku.com\/","og_site_name":"Mainostoimisto Turku","article_modified_time":"2025-02-15T19:27:21+00:00","og_image":[{"width":1600,"height":2000,"url":"https:\/\/www.mainostoimistoturku.com\/wp-content\/uploads\/2025\/02\/andras-vas-Bd7gNnWJBkU-unsplash-1.jpg","type":"image\/jpeg"}],"twitter_card":"summary_large_image","twitter_misc":{"Arvioitu lukuaika":"2 minuuttia"},"schema":{"@context":"https:\/\/schema.org","@graph":[{"@type":"WebPage","@id":"https:\/\/www.mainostoimistoturku.com\/","url":"https:\/\/www.mainostoimistoturku.com\/","name":"Mainostoimisto Turku \u2013 Pienen yrityksen edulliset kotisivut","isPartOf":{"@id":"https:\/\/www.mainostoimistoturku.com\/#website"},"primaryImageOfPage":{"@id":"https:\/\/www.mainostoimistoturku.com\/#primaryimage"},"image":{"@id":"https:\/\/www.mainostoimistoturku.com\/#primaryimage"},"thumbnailUrl":"https:\/\/www.mainostoimistoturku.com\/wp-content\/uploads\/2025\/02\/andras-vas-Bd7gNnWJBkU-unsplash-1.jpg","datePublished":"2025-02-15T15:05:21+00:00","dateModified":"2025-02-15T19:27:21+00:00","description":"Mainostoimisto Turku \u2013 Nettisivujen tekij\u00e4 Turun seudulla. Kotisivut kolmessa viikossa. Verkkosivut, nettisivut yritykselle.","breadcrumb":{"@id":"https:\/\/www.mainostoimistoturku.com\/#breadcrumb"},"inLanguage":"fi","potentialAction":[{"@type":"ReadAction","target":["https:\/\/www.mainostoimistoturku.com\/"]}]},{"@type":"ImageObject","inLanguage":"fi","@id":"https:\/\/www.mainostoimistoturku.com\/#primaryimage","url":"https:\/\/www.mainostoimistoturku.com\/wp-content\/uploads\/2025\/02\/andras-vas-Bd7gNnWJBkU-unsplash-1.jpg","contentUrl":"https:\/\/www.mainostoimistoturku.com\/wp-content\/uploads\/2025\/02\/andras-vas-Bd7gNnWJBkU-unsplash-1.jpg","width":1600,"height":2000,"caption":"Verkkosivujen tekij\u00e4"},{"@type":"BreadcrumbList","@id":"https:\/\/www.mainostoimistoturku.com\/#breadcrumb","itemListElement":[{"@type":"ListItem","position":1,"name":"Etusivu","item":"https:\/\/www.mainostoimistoturku.com\/"},{"@type":"ListItem","position":2,"name":"Etusivu"}]},{"@type":"WebSite","@id":"https:\/\/www.mainostoimistoturku.com\/#website","url":"https:\/\/www.mainostoimistoturku.com\/","name":"Mainostoimisto Turku","description":"","potentialAction":[{"@type":"SearchAction","target":{"@type":"EntryPoint","urlTemplate":"https:\/\/www.mainostoimistoturku.com\/?s={search_term_string}"},"query-input":{"@type":"PropertyValueSpecification","valueRequired":true,"valueName":"search_term_string"}}],"inLanguage":"fi"}]}},"_links":{"self":[{"href":"https:\/\/www.mainostoimistoturku.com\/index.php\/wp-json\/wp\/v2\/pages\/7","targetHints":{"allow":["GET"]}}],"collection":[{"href":"https:\/\/www.mainostoimistoturku.com\/index.php\/wp-json\/wp\/v2\/pages"}],"about":[{"href":"https:\/\/www.mainostoimistoturku.com\/index.php\/wp-json\/wp\/v2\/types\/page"}],"author":[{"embeddable":true,"href":"https:\/\/www.mainostoimistoturku.com\/index.php\/wp-json\/wp\/v2\/users\/1"}],"replies":[{"embeddable":true,"href":"https:\/\/www.mainostoimistoturku.com\/index.php\/wp-json\/wp\/v2\/comments?post=7"}],"version-history":[{"count":15,"href":"https:\/\/www.mainostoimistoturku.com\/index.php\/wp-json\/wp\/v2\/pages\/7\/revisions"}],"predecessor-version":[{"id":67,"href":"https:\/\/www.mainostoimistoturku.com\/index.php\/wp-json\/wp\/v2\/pages\/7\/revisions\/67"}],"wp:featuredmedia":[{"embeddable":true,"href":"https:\/\/www.mainostoimistoturku.com\/index.php\/wp-json\/wp\/v2\/media\/26"}],"wp:attachment":[{"href":"https:\/\/www.mainostoimistoturku.com\/index.php\/wp-json\/wp\/v2\/media?parent=7"}],"curies":[{"name":"wp","href":"https:\/\/api.w.org\/{rel}","templated":true}]}}